{"id":1090,"date":"2011-06-24T22:01:57","date_gmt":"2011-06-24T20:01:57","guid":{"rendered":"http:\/\/www.berliner-seiten.de\/ganz-nah\/?page_id=1090"},"modified":"2011-09-01T18:28:21","modified_gmt":"2011-09-01T16:28:21","slug":"aktuelle-top-ten-fotos","status":"publish","type":"page","link":"http:\/\/www.berliner-seiten.de\/ganz-nah\/aktuelle-top-ten-fotos\/","title":{"rendered":"Aktuelle Lieblingsfotos"},"content":{"rendered":"<h3>Manchmal gen\u00fcgt ein kurzer Blick, um einen ersten Eindruck zu gewinnen und eine kurze \u00dcbersicht zu erhalten. Das ist das Anliegen dieser Seite. Dazu wird eine Art &#8222;Hitparade&#8220; meiner j\u00fcngsten Lieblingsfotos vorgestellt. Sie soll nur wenige Fotos aus den letzten Wochen umfassen und st\u00e4ndig aktualisiert werden. Ganz oben stehen die jeweils aktuellsten Aufnahmen.<\/h3>\n<div id=\"attachment_1882\" style=\"width: 394px\" class=\"wp-caption aligncenter\"><a href=\"http:\/\/www.berliner-seiten.de\/ganz-nah\/files\/2011\/06\/DSCF6300-a_adb.jpg\"><img loading=\"lazy\" decoding=\"async\" aria-describedby=\"caption-attachment-1882\" class=\"size-large wp-image-1882 \" src=\"http:\/\/www.berliner-seiten.de\/ganz-nah\/files\/2011\/06\/DSCF6300-a_adb-1024x680.jpg\" alt=\"\" width=\"384\" height=\"255\" srcset=\"http:\/\/www.berliner-seiten.de\/ganz-nah\/files\/2011\/06\/DSCF6300-a_adb-1024x680.jpg 1024w, http:\/\/www.berliner-seiten.de\/ganz-nah\/files\/2011\/06\/DSCF6300-a_adb-300x199.jpg 300w, http:\/\/www.berliner-seiten.de\/ganz-nah\/files\/2011\/06\/DSCF6300-a_adb.jpg 2048w\" sizes=\"auto, (max-width: 384px) 100vw, 384px\" \/><\/a><p id=\"caption-attachment-1882\" class=\"wp-caption-text\">Wellness am Wei\u00dfen See, 2011<\/p><\/div>\n<div id=\"attachment_1852\" style=\"width: 310px\" class=\"wp-caption aligncenter\"><a href=\"http:\/\/www.berliner-seiten.de\/ganz-nah\/files\/2011\/06\/DSC_1348a-adb.jpg\"><img loading=\"lazy\" decoding=\"async\" aria-describedby=\"caption-attachment-1852\" class=\"size-medium wp-image-1852\" src=\"http:\/\/www.berliner-seiten.de\/ganz-nah\/files\/2011\/06\/DSC_1348a-adb-300x200.jpg\" alt=\"\" width=\"300\" height=\"200\" srcset=\"http:\/\/www.berliner-seiten.de\/ganz-nah\/files\/2011\/06\/DSC_1348a-adb-300x200.jpg 300w, http:\/\/www.berliner-seiten.de\/ganz-nah\/files\/2011\/06\/DSC_1348a-adb-1024x682.jpg 1024w\" sizes=\"auto, (max-width: 300px) 100vw, 300px\" \/><\/a><p id=\"caption-attachment-1852\" class=\"wp-caption-text\">Akrobatischer Drahtseilakt Blauer Federlibellen, 2011<\/p><\/div>\n<div id=\"attachment_1738\" style=\"width: 210px\" class=\"wp-caption aligncenter\"><a href=\"http:\/\/www.berliner-seiten.de\/ganz-nah\/files\/2011\/06\/DSC_1110a.jpg\"><img loading=\"lazy\" decoding=\"async\" aria-describedby=\"caption-attachment-1738\" class=\"size-medium wp-image-1738\" src=\"http:\/\/www.berliner-seiten.de\/ganz-nah\/files\/2011\/06\/DSC_1110a-200x300.jpg\" alt=\"\" width=\"200\" height=\"300\" srcset=\"http:\/\/www.berliner-seiten.de\/ganz-nah\/files\/2011\/06\/DSC_1110a-200x300.jpg 200w, http:\/\/www.berliner-seiten.de\/ganz-nah\/files\/2011\/06\/DSC_1110a-685x1024.jpg 685w\" sizes=\"auto, (max-width: 200px) 100vw, 200px\" \/><\/a><p id=\"caption-attachment-1738\" class=\"wp-caption-text\">Fantasie in Blau: Hagebutten, 2011<\/p><\/div>\n<div id=\"attachment_1529\" style=\"width: 310px\" class=\"wp-caption aligncenter\"><a href=\"http:\/\/www.berliner-seiten.de\/ganz-nah\/files\/2011\/06\/DSC_0471a-adb.jpg\"><img loading=\"lazy\" decoding=\"async\" aria-describedby=\"caption-attachment-1529\" class=\"size-medium wp-image-1529\" src=\"http:\/\/www.berliner-seiten.de\/ganz-nah\/files\/2011\/06\/DSC_0471a-adb-300x200.jpg\" alt=\"\" width=\"300\" height=\"200\" srcset=\"http:\/\/www.berliner-seiten.de\/ganz-nah\/files\/2011\/06\/DSC_0471a-adb-300x200.jpg 300w, http:\/\/www.berliner-seiten.de\/ganz-nah\/files\/2011\/06\/DSC_0471a-adb-1024x682.jpg 1024w, http:\/\/www.berliner-seiten.de\/ganz-nah\/files\/2011\/06\/DSC_0471a-adb.jpg 1593w\" sizes=\"auto, (max-width: 300px) 100vw, 300px\" \/><\/a><p id=\"caption-attachment-1529\" class=\"wp-caption-text\">Zu Gast bei der Filzklette, 2011<\/p><\/div>\n<div id=\"attachment_1528\" style=\"width: 210px\" class=\"wp-caption aligncenter\"><a href=\"http:\/\/www.berliner-seiten.de\/ganz-nah\/files\/2011\/06\/DSC_0372a-adb.jpg\"><img loading=\"lazy\" decoding=\"async\" aria-describedby=\"caption-attachment-1528\" class=\"size-medium wp-image-1528\" src=\"http:\/\/www.berliner-seiten.de\/ganz-nah\/files\/2011\/06\/DSC_0372a-adb-200x300.jpg\" alt=\"\" width=\"200\" height=\"300\" srcset=\"http:\/\/www.berliner-seiten.de\/ganz-nah\/files\/2011\/06\/DSC_0372a-adb-200x300.jpg 200w, http:\/\/www.berliner-seiten.de\/ganz-nah\/files\/2011\/06\/DSC_0372a-adb-682x1024.jpg 682w, http:\/\/www.berliner-seiten.de\/ganz-nah\/files\/2011\/06\/DSC_0372a-adb.jpg 1277w\" sizes=\"auto, (max-width: 200px) 100vw, 200px\" \/><\/a><p id=\"caption-attachment-1528\" class=\"wp-caption-text\">Auf Poleposition, 2011<\/p><\/div>\n<div id=\"attachment_1530\" style=\"width: 310px\" class=\"wp-caption aligncenter\"><a href=\"http:\/\/www.berliner-seiten.de\/ganz-nah\/files\/2011\/06\/DSC_0513a-adb.jpg\"><img loading=\"lazy\" decoding=\"async\" aria-describedby=\"caption-attachment-1530\" class=\"size-medium wp-image-1530\" src=\"http:\/\/www.berliner-seiten.de\/ganz-nah\/files\/2011\/06\/DSC_0513a-adb-300x200.jpg\" alt=\"\" width=\"300\" height=\"200\" srcset=\"http:\/\/www.berliner-seiten.de\/ganz-nah\/files\/2011\/06\/DSC_0513a-adb-300x200.jpg 300w, http:\/\/www.berliner-seiten.de\/ganz-nah\/files\/2011\/06\/DSC_0513a-adb-1024x682.jpg 1024w\" sizes=\"auto, (max-width: 300px) 100vw, 300px\" \/><\/a><p id=\"caption-attachment-1530\" class=\"wp-caption-text\">Der Admiral (Vanessa atalanta), 2011<\/p><\/div>\n<div id=\"attachment_1352\" style=\"width: 310px\" class=\"wp-caption aligncenter\"><a href=\"http:\/\/www.berliner-seiten.de\/ganz-nah\/files\/2011\/06\/DSC_0360a-adb.jpg\"><img loading=\"lazy\" decoding=\"async\" aria-describedby=\"caption-attachment-1352\" class=\"size-medium wp-image-1352\" src=\"http:\/\/www.berliner-seiten.de\/ganz-nah\/files\/2011\/06\/DSC_0360a-adb-300x199.jpg\" alt=\"\" width=\"300\" height=\"199\" srcset=\"http:\/\/www.berliner-seiten.de\/ganz-nah\/files\/2011\/06\/DSC_0360a-adb-300x199.jpg 300w, http:\/\/www.berliner-seiten.de\/ganz-nah\/files\/2011\/06\/DSC_0360a-adb-1024x682.jpg 1024w\" sizes=\"auto, (max-width: 300px) 100vw, 300px\" \/><\/a><p id=\"caption-attachment-1352\" class=\"wp-caption-text\">Gef\u00e4hrliche Sch\u00f6nheit mit Super-Taille: Bienenwolf, 2011<\/p><\/div>\n<div id=\"attachment_1351\" style=\"width: 310px\" class=\"wp-caption aligncenter\"><a href=\"http:\/\/www.berliner-seiten.de\/ganz-nah\/files\/2011\/06\/DSC_0402.jpg\"><img loading=\"lazy\" decoding=\"async\" aria-describedby=\"caption-attachment-1351\" class=\"size-medium wp-image-1351\" src=\"http:\/\/www.berliner-seiten.de\/ganz-nah\/files\/2011\/06\/DSC_0402-300x198.jpg\" alt=\"\" width=\"300\" height=\"198\" srcset=\"http:\/\/www.berliner-seiten.de\/ganz-nah\/files\/2011\/06\/DSC_0402-300x198.jpg 300w, http:\/\/www.berliner-seiten.de\/ganz-nah\/files\/2011\/06\/DSC_0402-1024x678.jpg 1024w\" sizes=\"auto, (max-width: 300px) 100vw, 300px\" \/><\/a><p id=\"caption-attachment-1351\" class=\"wp-caption-text\">Brauner Weichk\u00e4fer staunt \u00fcber eine Hummel, 2011<\/p><\/div>\n<div id=\"attachment_1349\" style=\"width: 310px\" class=\"wp-caption aligncenter\"><a href=\"http:\/\/www.berliner-seiten.de\/ganz-nah\/files\/2011\/06\/A-Karte_D.jpg\"><img loading=\"lazy\" decoding=\"async\" aria-describedby=\"caption-attachment-1349\" class=\"size-medium wp-image-1349\" src=\"http:\/\/www.berliner-seiten.de\/ganz-nah\/files\/2011\/06\/A-Karte_D-300x199.jpg\" alt=\"\" width=\"300\" height=\"199\" srcset=\"http:\/\/www.berliner-seiten.de\/ganz-nah\/files\/2011\/06\/A-Karte_D-300x199.jpg 300w, http:\/\/www.berliner-seiten.de\/ganz-nah\/files\/2011\/06\/A-Karte_D-1024x682.jpg 1024w\" sizes=\"auto, (max-width: 300px) 100vw, 300px\" \/><\/a><p id=\"caption-attachment-1349\" class=\"wp-caption-text\">Regentag im Kiez, 2011<\/p><\/div>\n<div id=\"attachment_1346\" style=\"width: 310px\" class=\"wp-caption aligncenter\"><a href=\"http:\/\/www.berliner-seiten.de\/ganz-nah\/files\/2011\/06\/DSC_0367a.jpg\"><img loading=\"lazy\" decoding=\"async\" aria-describedby=\"caption-attachment-1346\" class=\"size-medium wp-image-1346\" src=\"http:\/\/www.berliner-seiten.de\/ganz-nah\/files\/2011\/06\/DSC_0367a-300x199.jpg\" alt=\"\" width=\"300\" height=\"199\" srcset=\"http:\/\/www.berliner-seiten.de\/ganz-nah\/files\/2011\/06\/DSC_0367a-300x199.jpg 300w, http:\/\/www.berliner-seiten.de\/ganz-nah\/files\/2011\/06\/DSC_0367a-1024x682.jpg 1024w\" sizes=\"auto, (max-width: 300px) 100vw, 300px\" \/><\/a><p id=\"caption-attachment-1346\" class=\"wp-caption-text\">Fleckenfalter &quot;Kleiner Fuchs&quot; (Aglais urticae), 2011<\/p><\/div>\n<div id=\"attachment_1345\" style=\"width: 310px\" class=\"wp-caption aligncenter\"><a href=\"http:\/\/www.berliner-seiten.de\/ganz-nah\/files\/2011\/06\/DSC_0238.jpg\"><img loading=\"lazy\" decoding=\"async\" aria-describedby=\"caption-attachment-1345\" class=\"size-medium wp-image-1345\" src=\"http:\/\/www.berliner-seiten.de\/ganz-nah\/files\/2011\/06\/DSC_0238-300x198.jpg\" alt=\"\" width=\"300\" height=\"198\" srcset=\"http:\/\/www.berliner-seiten.de\/ganz-nah\/files\/2011\/06\/DSC_0238-300x198.jpg 300w, http:\/\/www.berliner-seiten.de\/ganz-nah\/files\/2011\/06\/DSC_0238-1024x678.jpg 1024w\" sizes=\"auto, (max-width: 300px) 100vw, 300px\" \/><\/a><p id=\"caption-attachment-1345\" class=\"wp-caption-text\">Marienk\u00e4fer tankt an der Kamille, 2011<\/p><\/div>\n<div id=\"attachment_1344\" style=\"width: 310px\" class=\"wp-caption aligncenter\"><a href=\"http:\/\/www.berliner-seiten.de\/ganz-nah\/files\/2011\/06\/DSC_0177a-adb.jpg\"><img loading=\"lazy\" decoding=\"async\" aria-describedby=\"caption-attachment-1344\" class=\"size-medium wp-image-1344\" src=\"http:\/\/www.berliner-seiten.de\/ganz-nah\/files\/2011\/06\/DSC_0177a-adb-300x200.jpg\" alt=\"\" width=\"300\" height=\"200\" srcset=\"http:\/\/www.berliner-seiten.de\/ganz-nah\/files\/2011\/06\/DSC_0177a-adb-300x200.jpg 300w, http:\/\/www.berliner-seiten.de\/ganz-nah\/files\/2011\/06\/DSC_0177a-adb-1024x682.jpg 1024w\" sizes=\"auto, (max-width: 300px) 100vw, 300px\" \/><\/a><p id=\"caption-attachment-1344\" class=\"wp-caption-text\"> Biene &quot;en Detail&quot;, 2011<\/p><\/div>\n<div id=\"attachment_1293\" style=\"width: 310px\" class=\"wp-caption aligncenter\"><a href=\"http:\/\/www.berliner-seiten.de\/ganz-nah\/files\/2011\/06\/DSCF5294.jpg\"><img loading=\"lazy\" decoding=\"async\" aria-describedby=\"caption-attachment-1293\" class=\"size-medium wp-image-1293\" src=\"http:\/\/www.berliner-seiten.de\/ganz-nah\/files\/2011\/06\/DSCF5294-300x199.jpg\" alt=\"\" width=\"300\" height=\"199\" srcset=\"http:\/\/www.berliner-seiten.de\/ganz-nah\/files\/2011\/06\/DSCF5294-300x199.jpg 300w, http:\/\/www.berliner-seiten.de\/ganz-nah\/files\/2011\/06\/DSCF5294-1024x680.jpg 1024w, http:\/\/www.berliner-seiten.de\/ganz-nah\/files\/2011\/06\/DSCF5294.jpg 2048w\" sizes=\"auto, (max-width: 300px) 100vw, 300px\" \/><\/a><p id=\"caption-attachment-1293\" class=\"wp-caption-text\">Kamillenfeld im Berliner Norden, 2011<\/p><\/div>\n<div id=\"attachment_1291\" style=\"width: 310px\" class=\"wp-caption aligncenter\"><a href=\"http:\/\/www.berliner-seiten.de\/ganz-nah\/files\/2011\/06\/DSCF5193a-adb.jpg\"><img loading=\"lazy\" decoding=\"async\" aria-describedby=\"caption-attachment-1291\" class=\"size-medium wp-image-1291\" src=\"http:\/\/www.berliner-seiten.de\/ganz-nah\/files\/2011\/06\/DSCF5193a-adb-300x168.jpg\" alt=\"\" width=\"300\" height=\"168\" srcset=\"http:\/\/www.berliner-seiten.de\/ganz-nah\/files\/2011\/06\/DSCF5193a-adb-300x168.jpg 300w, http:\/\/www.berliner-seiten.de\/ganz-nah\/files\/2011\/06\/DSCF5193a-adb-1024x575.jpg 1024w, http:\/\/www.berliner-seiten.de\/ganz-nah\/files\/2011\/06\/DSCF5193a-adb.jpg 1956w\" sizes=\"auto, (max-width: 300px) 100vw, 300px\" \/><\/a><p id=\"caption-attachment-1291\" class=\"wp-caption-text\">Die Siebenlinge am 38. Lebenstag, 2011<\/p><\/div>\n<div id=\"attachment_1292\" style=\"width: 310px\" class=\"wp-caption aligncenter\"><a href=\"http:\/\/www.berliner-seiten.de\/ganz-nah\/files\/2011\/06\/DSCF5164.jpg\"><img loading=\"lazy\" decoding=\"async\" aria-describedby=\"caption-attachment-1292\" class=\"size-medium wp-image-1292\" src=\"http:\/\/www.berliner-seiten.de\/ganz-nah\/files\/2011\/06\/DSCF5164-300x199.jpg\" alt=\"\" width=\"300\" height=\"199\" srcset=\"http:\/\/www.berliner-seiten.de\/ganz-nah\/files\/2011\/06\/DSCF5164-300x199.jpg 300w, http:\/\/www.berliner-seiten.de\/ganz-nah\/files\/2011\/06\/DSCF5164-1024x680.jpg 1024w, http:\/\/www.berliner-seiten.de\/ganz-nah\/files\/2011\/06\/DSCF5164.jpg 2048w\" sizes=\"auto, (max-width: 300px) 100vw, 300px\" \/><\/a><p id=\"caption-attachment-1292\" class=\"wp-caption-text\">Blesshuhn-Teenie beim Landgang, 2011<\/p><\/div>\n<div id=\"attachment_1278\" style=\"width: 310px\" class=\"wp-caption aligncenter\"><a href=\"http:\/\/www.berliner-seiten.de\/ganz-nah\/files\/2011\/06\/DSCF4730a-adb2.jpg\"><img loading=\"lazy\" decoding=\"async\" aria-describedby=\"caption-attachment-1278\" class=\"size-medium wp-image-1278\" src=\"http:\/\/www.berliner-seiten.de\/ganz-nah\/files\/2011\/06\/DSCF4730a-adb2-300x200.jpg\" alt=\"\" width=\"300\" height=\"200\" srcset=\"http:\/\/www.berliner-seiten.de\/ganz-nah\/files\/2011\/06\/DSCF4730a-adb2-300x200.jpg 300w, http:\/\/www.berliner-seiten.de\/ganz-nah\/files\/2011\/06\/DSCF4730a-adb2-1024x682.jpg 1024w, http:\/\/www.berliner-seiten.de\/ganz-nah\/files\/2011\/06\/DSCF4730a-adb2.jpg 1693w\" sizes=\"auto, (max-width: 300px) 100vw, 300px\" \/><\/a><p id=\"caption-attachment-1278\" class=\"wp-caption-text\">Heimw\u00e4rts mit vollen Taschen, 2011<\/p><\/div>\n<div id=\"attachment_1279\" style=\"width: 310px\" class=\"wp-caption aligncenter\"><a href=\"http:\/\/www.berliner-seiten.de\/ganz-nah\/files\/2011\/06\/DSCF5032a-adb.jpg\"><img loading=\"lazy\" decoding=\"async\" aria-describedby=\"caption-attachment-1279\" class=\"size-medium wp-image-1279\" src=\"http:\/\/www.berliner-seiten.de\/ganz-nah\/files\/2011\/06\/DSCF5032a-adb-300x200.jpg\" alt=\"\" width=\"300\" height=\"200\" srcset=\"http:\/\/www.berliner-seiten.de\/ganz-nah\/files\/2011\/06\/DSCF5032a-adb-300x200.jpg 300w, http:\/\/www.berliner-seiten.de\/ganz-nah\/files\/2011\/06\/DSCF5032a-adb.jpg 1015w\" sizes=\"auto, (max-width: 300px) 100vw, 300px\" \/><\/a><p id=\"caption-attachment-1279\" class=\"wp-caption-text\">Sch\u00f6ne Augen, 2011<\/p><\/div>\n<div id=\"attachment_1280\" style=\"width: 310px\" class=\"wp-caption aligncenter\"><a href=\"http:\/\/www.berliner-seiten.de\/ganz-nah\/files\/2011\/06\/DSCF4882a-adb1.jpg\"><img loading=\"lazy\" decoding=\"async\" aria-describedby=\"caption-attachment-1280\" class=\"size-medium wp-image-1280\" src=\"http:\/\/www.berliner-seiten.de\/ganz-nah\/files\/2011\/06\/DSCF4882a-adb1-300x199.jpg\" alt=\"\" width=\"300\" height=\"199\" srcset=\"http:\/\/www.berliner-seiten.de\/ganz-nah\/files\/2011\/06\/DSCF4882a-adb1-300x199.jpg 300w, http:\/\/www.berliner-seiten.de\/ganz-nah\/files\/2011\/06\/DSCF4882a-adb1-1024x682.jpg 1024w, http:\/\/www.berliner-seiten.de\/ganz-nah\/files\/2011\/06\/DSCF4882a-adb1.jpg 1433w\" sizes=\"auto, (max-width: 300px) 100vw, 300px\" \/><\/a><p id=\"caption-attachment-1280\" class=\"wp-caption-text\">Landeerlaubnis okay! 2011<\/p><\/div>\n<div id=\"attachment_1261\" style=\"width: 310px\" class=\"wp-caption aligncenter\"><a href=\"http:\/\/www.berliner-seiten.de\/ganz-nah\/files\/2011\/06\/DSCF4788a-adb.jpg\"><img loading=\"lazy\" decoding=\"async\" aria-describedby=\"caption-attachment-1261\" class=\"size-medium wp-image-1261\" src=\"http:\/\/www.berliner-seiten.de\/ganz-nah\/files\/2011\/06\/DSCF4788a-adb-300x200.jpg\" alt=\"\" width=\"300\" height=\"200\" srcset=\"http:\/\/www.berliner-seiten.de\/ganz-nah\/files\/2011\/06\/DSCF4788a-adb-300x200.jpg 300w, http:\/\/www.berliner-seiten.de\/ganz-nah\/files\/2011\/06\/DSCF4788a-adb-1024x682.jpg 1024w, http:\/\/www.berliner-seiten.de\/ganz-nah\/files\/2011\/06\/DSCF4788a-adb.jpg 1693w\" sizes=\"auto, (max-width: 300px) 100vw, 300px\" \/><\/a><p id=\"caption-attachment-1261\" class=\"wp-caption-text\">Und hier waren noch vor 15 Jahren Rieselfelder! 2011<\/p><\/div>\n<div id=\"attachment_1262\" style=\"width: 310px\" class=\"wp-caption aligncenter\"><a href=\"http:\/\/www.berliner-seiten.de\/ganz-nah\/files\/2011\/06\/DSCF4824a-adb1.jpg\"><img loading=\"lazy\" decoding=\"async\" aria-describedby=\"caption-attachment-1262\" class=\"size-medium wp-image-1262\" src=\"http:\/\/www.berliner-seiten.de\/ganz-nah\/files\/2011\/06\/DSCF4824a-adb1-300x200.jpg\" alt=\"\" width=\"300\" height=\"200\" srcset=\"http:\/\/www.berliner-seiten.de\/ganz-nah\/files\/2011\/06\/DSCF4824a-adb1-300x200.jpg 300w, http:\/\/www.berliner-seiten.de\/ganz-nah\/files\/2011\/06\/DSCF4824a-adb1-1024x682.jpg 1024w, http:\/\/www.berliner-seiten.de\/ganz-nah\/files\/2011\/06\/DSCF4824a-adb1.jpg 1329w\" sizes=\"auto, (max-width: 300px) 100vw, 300px\" \/><\/a><p id=\"caption-attachment-1262\" class=\"wp-caption-text\">Das Prachexemplar hei\u00dft Anax imperator - Gro\u00dfe K\u00f6nigslibelle (vermutlich), 2011<\/p><\/div>\n<div id=\"attachment_1093\" style=\"width: 310px\" class=\"wp-caption aligncenter\"><a href=\"http:\/\/www.berliner-seiten.de\/ganz-nah\/files\/2011\/06\/DSCF4644.jpg\"><img loading=\"lazy\" decoding=\"async\" aria-describedby=\"caption-attachment-1093\" class=\"size-medium wp-image-1093\" src=\"http:\/\/www.berliner-seiten.de\/ganz-nah\/files\/2011\/06\/DSCF4644-300x199.jpg\" alt=\"\" width=\"300\" height=\"199\" srcset=\"http:\/\/www.berliner-seiten.de\/ganz-nah\/files\/2011\/06\/DSCF4644-300x199.jpg 300w, http:\/\/www.berliner-seiten.de\/ganz-nah\/files\/2011\/06\/DSCF4644-1024x680.jpg 1024w, http:\/\/www.berliner-seiten.de\/ganz-nah\/files\/2011\/06\/DSCF4644.jpg 2048w\" sizes=\"auto, (max-width: 300px) 100vw, 300px\" \/><\/a><p id=\"caption-attachment-1093\" class=\"wp-caption-text\">Juni-Regen im Kiez, 2011-06-24<\/p><\/div>\n<div id=\"attachment_1096\" style=\"width: 310px\" class=\"wp-caption aligncenter\"><a href=\"http:\/\/www.berliner-seiten.de\/ganz-nah\/files\/2011\/06\/DSCF4438a-adb1.jpg\"><img loading=\"lazy\" decoding=\"async\" aria-describedby=\"caption-attachment-1096\" class=\"size-medium wp-image-1096\" src=\"http:\/\/www.berliner-seiten.de\/ganz-nah\/files\/2011\/06\/DSCF4438a-adb1-300x199.jpg\" alt=\"\" width=\"300\" height=\"199\" srcset=\"http:\/\/www.berliner-seiten.de\/ganz-nah\/files\/2011\/06\/DSCF4438a-adb1-300x199.jpg 300w, http:\/\/www.berliner-seiten.de\/ganz-nah\/files\/2011\/06\/DSCF4438a-adb1-1024x680.jpg 1024w, http:\/\/www.berliner-seiten.de\/ganz-nah\/files\/2011\/06\/DSCF4438a-adb1.jpg 2048w\" sizes=\"auto, (max-width: 300px) 100vw, 300px\" \/><\/a><p id=\"caption-attachment-1096\" class=\"wp-caption-text\">Immer gut drauf, 2011-06-20<\/p><\/div>\n<div id=\"attachment_1100\" style=\"width: 310px\" class=\"wp-caption aligncenter\"><a href=\"http:\/\/www.berliner-seiten.de\/ganz-nah\/files\/2011\/06\/DSCF3940a-adb.jpg\"><img loading=\"lazy\" decoding=\"async\" aria-describedby=\"caption-attachment-1100\" class=\"size-medium wp-image-1100\" src=\"http:\/\/www.berliner-seiten.de\/ganz-nah\/files\/2011\/06\/DSCF3940a-adb-300x200.jpg\" alt=\"\" width=\"300\" height=\"200\" srcset=\"http:\/\/www.berliner-seiten.de\/ganz-nah\/files\/2011\/06\/DSCF3940a-adb-300x200.jpg 300w, http:\/\/www.berliner-seiten.de\/ganz-nah\/files\/2011\/06\/DSCF3940a-adb-1024x682.jpg 1024w, http:\/\/www.berliner-seiten.de\/ganz-nah\/files\/2011\/06\/DSCF3940a-adb.jpg 1612w\" sizes=\"auto, (max-width: 300px) 100vw, 300px\" \/><\/a><p id=\"caption-attachment-1100\" class=\"wp-caption-text\">Freiluftdusche, 2011-06-03<\/p><\/div>\n<div id=\"attachment_1102\" style=\"width: 310px\" class=\"wp-caption aligncenter\"><a href=\"http:\/\/www.berliner-seiten.de\/ganz-nah\/files\/2011\/06\/Foto_7.jpg\"><img loading=\"lazy\" decoding=\"async\" aria-describedby=\"caption-attachment-1102\" class=\"size-medium wp-image-1102\" src=\"http:\/\/www.berliner-seiten.de\/ganz-nah\/files\/2011\/06\/Foto_7-300x200.jpg\" alt=\"\" width=\"300\" height=\"200\" srcset=\"http:\/\/www.berliner-seiten.de\/ganz-nah\/files\/2011\/06\/Foto_7-300x200.jpg 300w, http:\/\/www.berliner-seiten.de\/ganz-nah\/files\/2011\/06\/Foto_7-1024x682.jpg 1024w, http:\/\/www.berliner-seiten.de\/ganz-nah\/files\/2011\/06\/Foto_7.jpg 1495w\" sizes=\"auto, (max-width: 300px) 100vw, 300px\" \/><\/a><p id=\"caption-attachment-1102\" class=\"wp-caption-text\">Die Erstgeborenen, 2011-05-25<\/p><\/div>\n<p>&nbsp;<\/p>\n","protected":false},"excerpt":{"rendered":"<p>Manchmal gen\u00fcgt ein kurzer Blick, um einen ersten Eindruck zu gewinnen und eine kurze \u00dcbersicht zu erhalten. Das ist das Anliegen dieser Seite. Dazu wird eine Art &#8222;Hitparade&#8220; meiner j\u00fcngsten Lieblingsfotos vorgestellt. Sie soll nur wenige Fotos aus den letzten &hellip; <a href=\"http:\/\/www.berliner-seiten.de\/ganz-nah\/aktuelle-top-ten-fotos\/\">Weiterlesen <span class=\"meta-nav\">&rarr;<\/span><\/a><\/p>\n","protected":false},"author":6,"featured_media":0,"parent":0,"menu_order":0,"comment_status":"open","ping_status":"open","template":"","meta":{"footnotes":""},"class_list":["post-1090","page","type-page","status-publish","hentry"],"_links":{"self":[{"href":"http:\/\/www.berliner-seiten.de\/ganz-nah\/wp-json\/wp\/v2\/pages\/1090","targetHints":{"allow":["GET"]}}],"collection":[{"href":"http:\/\/www.berliner-seiten.de\/ganz-nah\/wp-json\/wp\/v2\/pages"}],"about":[{"href":"http:\/\/www.berliner-seiten.de\/ganz-nah\/wp-json\/wp\/v2\/types\/page"}],"author":[{"embeddable":true,"href":"http:\/\/www.berliner-seiten.de\/ganz-nah\/wp-json\/wp\/v2\/users\/6"}],"replies":[{"embeddable":true,"href":"http:\/\/www.berliner-seiten.de\/ganz-nah\/wp-json\/wp\/v2\/comments?post=1090"}],"version-history":[{"count":22,"href":"http:\/\/www.berliner-seiten.de\/ganz-nah\/wp-json\/wp\/v2\/pages\/1090\/revisions"}],"predecessor-version":[{"id":1092,"href":"http:\/\/www.berliner-seiten.de\/ganz-nah\/wp-json\/wp\/v2\/pages\/1090\/revisions\/1092"}],"wp:attachment":[{"href":"http:\/\/www.berliner-seiten.de\/ganz-nah\/wp-json\/wp\/v2\/media?parent=1090"}],"curies":[{"name":"wp","href":"https:\/\/api.w.org\/{rel}","templated":true}]}}