{"id":27,"date":"2011-06-06T12:56:56","date_gmt":"2011-06-06T10:56:56","guid":{"rendered":"http:\/\/www.berliner-seiten.de\/ganz-nah\/?page_id=27"},"modified":"2012-01-12T00:01:42","modified_gmt":"2012-01-11T23:01:42","slug":"meine-hobbys","status":"publish","type":"page","link":"http:\/\/www.berliner-seiten.de\/ganz-nah\/meine-hobbys\/","title":{"rendered":"Meine Hobbys"},"content":{"rendered":"<h3 style=\"text-align: center\"><strong>Hobby-Fotograf seit \u00fcber 50 Jahren<\/strong><\/h3>\n<blockquote>\n<p style=\"text-align: center\">&#8222;Nach dem Unendlichen streben wir oft und suchen es ferne; Was in der N\u00e4he uns liegt, werden wir minder gewahr.&#8220;<\/p>\n<p style=\"text-align: center\">(Karl Ludwig v. Knebel, Freund Goethes, 1744-1834)<\/p>\n<div id=\"attachment_295\" style=\"width: 310px\" class=\"wp-caption aligncenter\"><a href=\"http:\/\/www.berliner-seiten.de\/ganz-nah\/files\/2011\/06\/Ganz-nah.jpg\"><img loading=\"lazy\" decoding=\"async\" aria-describedby=\"caption-attachment-295\" class=\"size-medium wp-image-295\" src=\"http:\/\/www.berliner-seiten.de\/ganz-nah\/files\/2011\/06\/Ganz-nah-300x200.jpg\" alt=\"\" width=\"300\" height=\"200\" srcset=\"http:\/\/www.berliner-seiten.de\/ganz-nah\/files\/2011\/06\/Ganz-nah-300x200.jpg 300w, http:\/\/www.berliner-seiten.de\/ganz-nah\/files\/2011\/06\/Ganz-nah-1024x683.jpg 1024w, http:\/\/www.berliner-seiten.de\/ganz-nah\/files\/2011\/06\/Ganz-nah.jpg 1977w\" sizes=\"auto, (max-width: 300px) 100vw, 300px\" \/><\/a><p id=\"caption-attachment-295\" class=\"wp-caption-text\">Ganz nah! Natur pur! Hinschauen!<\/p><\/div><\/blockquote>\n<h3 style=\"text-align: center\"><strong>Fernschach mittels Postkarten mit nur einem Partner und \u00fcber 150 Partien seit \u00fcber 50 Jahren<\/strong><\/h3>\n<blockquote>\n<p style=\"text-align: center\">\u00a0\u00a0\u00a0\u00a0\u00a0\u00a0\u00a0 &#8222;Lebendig sein hei\u00dft: rastlos t\u00e4tig sein.&#8220;<\/p>\n<p style=\"text-align: center\">\u00a0\u00a0\u00a0\u00a0\u00a0\u00a0\u00a0\u00a0\u00a0\u00a0 (Julius Hammer, s\u00e4chsischer Dichter, 1810-1862)<\/p>\n<div id=\"attachment_294\" style=\"width: 650px\" class=\"wp-caption aligncenter\"><a href=\"http:\/\/www.berliner-seiten.de\/ganz-nah\/files\/2011\/06\/DSCF4189a-adb1.jpg\"><img loading=\"lazy\" decoding=\"async\" aria-describedby=\"caption-attachment-294\" class=\"size-large wp-image-294\" src=\"http:\/\/www.berliner-seiten.de\/ganz-nah\/files\/2011\/06\/DSCF4189a-adb1-1024x568.jpg\" alt=\"\" width=\"640\" height=\"355\" srcset=\"http:\/\/www.berliner-seiten.de\/ganz-nah\/files\/2011\/06\/DSCF4189a-adb1-1024x568.jpg 1024w, http:\/\/www.berliner-seiten.de\/ganz-nah\/files\/2011\/06\/DSCF4189a-adb1-300x166.jpg 300w\" sizes=\"auto, (max-width: 640px) 100vw, 640px\" \/><\/a><p id=\"caption-attachment-294\" class=\"wp-caption-text\">Rochade, 2011<\/p><\/div><\/blockquote>\n<h3 style=\"text-align: center\"><strong>Fan vom FC Erzgebirge Aue (vormals Wismut Aue) seit \u00fcber 50 Jahren<\/strong><\/h3>\n<blockquote>\n<p style=\"text-align: center\">&#8222;Wir kommen aus der Tiefe, wir kommen aus dem Schacht &#8230;&#8220; (Fan-Hymne vom FCE) <strong><\/strong><\/p>\n<p style=\"text-align: center\"><strong><a href=\"http:\/\/www.berliner-seiten.de\/ganz-nah\/files\/2011\/06\/Aue-Fan2.jpg\"><img loading=\"lazy\" decoding=\"async\" class=\"aligncenter size-large wp-image-2048\" src=\"http:\/\/www.berliner-seiten.de\/ganz-nah\/files\/2011\/06\/Aue-Fan2-1024x680.jpg\" alt=\"\" width=\"640\" height=\"425\" srcset=\"http:\/\/www.berliner-seiten.de\/ganz-nah\/files\/2011\/06\/Aue-Fan2-1024x680.jpg 1024w, http:\/\/www.berliner-seiten.de\/ganz-nah\/files\/2011\/06\/Aue-Fan2-300x199.jpg 300w, http:\/\/www.berliner-seiten.de\/ganz-nah\/files\/2011\/06\/Aue-Fan2.jpg 2048w\" sizes=\"auto, (max-width: 640px) 100vw, 640px\" \/><\/a> <\/strong><\/p>\n<\/blockquote>\n<div id=\"attachment_1036\" style=\"width: 650px\" class=\"wp-caption aligncenter\"><a href=\"http:\/\/www.berliner-seiten.de\/ganz-nah\/files\/2011\/06\/Aue1957-A-Seite.jpg\"><img loading=\"lazy\" decoding=\"async\" aria-describedby=\"caption-attachment-1036\" class=\"size-large wp-image-1036\" src=\"http:\/\/www.berliner-seiten.de\/ganz-nah\/files\/2011\/06\/Aue1957-A-Seite-1024x735.jpg\" alt=\"\" width=\"640\" height=\"459\" srcset=\"http:\/\/www.berliner-seiten.de\/ganz-nah\/files\/2011\/06\/Aue1957-A-Seite-1024x735.jpg 1024w, http:\/\/www.berliner-seiten.de\/ganz-nah\/files\/2011\/06\/Aue1957-A-Seite-300x215.jpg 300w, http:\/\/www.berliner-seiten.de\/ganz-nah\/files\/2011\/06\/Aue1957-A-Seite.jpg 1660w\" sizes=\"auto, (max-width: 640px) 100vw, 640px\" \/><\/a><p id=\"caption-attachment-1036\" class=\"wp-caption-text\">SC Wismut Karl-Marx-Stadt 1956\/57_Vorderseite: DDR-Fu\u00dfballmeister<\/p><\/div>\n<div id=\"attachment_1037\" style=\"width: 650px\" class=\"wp-caption aligncenter\"><a href=\"http:\/\/www.berliner-seiten.de\/ganz-nah\/files\/2011\/06\/Aue1957-B-Seite.jpg\"><img loading=\"lazy\" decoding=\"async\" aria-describedby=\"caption-attachment-1037\" class=\"size-large wp-image-1037\" src=\"http:\/\/www.berliner-seiten.de\/ganz-nah\/files\/2011\/06\/Aue1957-B-Seite-1024x729.jpg\" alt=\"\" width=\"640\" height=\"455\" srcset=\"http:\/\/www.berliner-seiten.de\/ganz-nah\/files\/2011\/06\/Aue1957-B-Seite-1024x729.jpg 1024w, http:\/\/www.berliner-seiten.de\/ganz-nah\/files\/2011\/06\/Aue1957-B-Seite-300x213.jpg 300w, http:\/\/www.berliner-seiten.de\/ganz-nah\/files\/2011\/06\/Aue1957-B-Seite.jpg 1668w\" sizes=\"auto, (max-width: 640px) 100vw, 640px\" \/><\/a><p id=\"caption-attachment-1037\" class=\"wp-caption-text\">SC Wismut Karl-Marx-Stadt 1956\/57_R\u00fcckseite: Gru\u00df von Mannschaftskapit\u00e4n Bringfried\/&quot;Binges&quot;  M\u00fcller<\/p><\/div>\n<p style=\"text-align: center\">\n","protected":false},"excerpt":{"rendered":"<p>Hobby-Fotograf seit \u00fcber 50 Jahren &#8222;Nach dem Unendlichen streben wir oft und suchen es ferne; Was in der N\u00e4he uns liegt, werden wir minder gewahr.&#8220; (Karl Ludwig v. Knebel, Freund Goethes, 1744-1834) Fernschach mittels Postkarten mit nur einem Partner und &hellip; <a href=\"http:\/\/www.berliner-seiten.de\/ganz-nah\/meine-hobbys\/\">Weiterlesen <span class=\"meta-nav\">&rarr;<\/span><\/a><\/p>\n","protected":false},"author":3,"featured_media":0,"parent":0,"menu_order":0,"comment_status":"closed","ping_status":"closed","template":"","meta":{"footnotes":""},"class_list":["post-27","page","type-page","status-publish","hentry"],"_links":{"self":[{"href":"http:\/\/www.berliner-seiten.de\/ganz-nah\/wp-json\/wp\/v2\/pages\/27","targetHints":{"allow":["GET"]}}],"collection":[{"href":"http:\/\/www.berliner-seiten.de\/ganz-nah\/wp-json\/wp\/v2\/pages"}],"about":[{"href":"http:\/\/www.berliner-seiten.de\/ganz-nah\/wp-json\/wp\/v2\/types\/page"}],"author":[{"embeddable":true,"href":"http:\/\/www.berliner-seiten.de\/ganz-nah\/wp-json\/wp\/v2\/users\/3"}],"replies":[{"embeddable":true,"href":"http:\/\/www.berliner-seiten.de\/ganz-nah\/wp-json\/wp\/v2\/comments?post=27"}],"version-history":[{"count":23,"href":"http:\/\/www.berliner-seiten.de\/ganz-nah\/wp-json\/wp\/v2\/pages\/27\/revisions"}],"predecessor-version":[{"id":151,"href":"http:\/\/www.berliner-seiten.de\/ganz-nah\/wp-json\/wp\/v2\/pages\/27\/revisions\/151"}],"wp:attachment":[{"href":"http:\/\/www.berliner-seiten.de\/ganz-nah\/wp-json\/wp\/v2\/media?parent=27"}],"curies":[{"name":"wp","href":"https:\/\/api.w.org\/{rel}","templated":true}]}}