{"id":53,"date":"2011-06-06T14:20:08","date_gmt":"2011-06-06T14:20:08","guid":{"rendered":"http:\/\/www.berliner-seiten.de\/ganz-nah\/?page_id=53"},"modified":"2011-09-23T17:47:48","modified_gmt":"2011-09-23T15:47:48","slug":"fotogalerie","status":"publish","type":"page","link":"http:\/\/www.berliner-seiten.de\/ganz-nah\/fotogalerie\/","title":{"rendered":"Fotogalerie"},"content":{"rendered":"<h3>Eine kleine &#8222;Fotogalerie&#8220; aus Tausenden von Fotos ausw\u00e4hlen &#8211; was f\u00fcr eine Sisyphusarbeit! Es kann sich dabei nur um eine Auswahl der Auswahl handeln. Um wenigstens eine gewisse \u00dcbersicht in die ausgew\u00e4hlten &#8222;Evergreens&#8220; zu bekommen, versuche ich, 1. die &#8222;Oldies&#8220; der \u00e4lteren Jahrg\u00e4nge von denen der j\u00fcngeren Jahre zu unterscheiden und 2. die Anzahl jeweils zu beschr\u00e4nken. Es entstehen so Unterseiten mit den \u00e4ltesten Digitalfotos von 2002 &#8211; 2005,\u00a0 gefolgt denen der Jahre 2006 &#8211; 2009. Ab 2010 erh\u00e4lt jedes weitere Jahr eine Unterseite f\u00fcr sich, um etwas mehr Raum f\u00fcr die j\u00fcngste Fotoauswahl zu haben.<\/h3>\n<ul>\n<li><a title=\"Aller Anfang ist schwer -\u201dOldies\u201d 2002-2005\" href=\"..\/fotogalerie\/evergreens-2002-2010\/\">Aller Anfang ist schwer -\u201dOldies\u201d 2002-2005<\/a><\/li>\n<li><a title=\"Goldene Jahre \u2013 \u201cGoldies\u201d 2006-2009\" href=\"..\/fotogalerie\/evergreens-2006-2009\/\">Goldene Jahre \u2013 \u201cGoldies\u201d 2006-2009<\/a><\/li>\n<li><a title=\"Hitparade 2010\" href=\"..\/fotogalerie\/hitparade-2010\/\">Hitparade 2010<\/a><\/li>\n<li><a title=\"Hitparade 2011\" href=\"..\/fotogalerie\/top-ten-von-2011\/\">Hitparade 2011<\/a><\/li>\n<\/ul>\n<p>&nbsp;<\/p>\n","protected":false},"excerpt":{"rendered":"<p>Eine kleine &#8222;Fotogalerie&#8220; aus Tausenden von Fotos ausw\u00e4hlen &#8211; was f\u00fcr eine Sisyphusarbeit! Es kann sich dabei nur um eine Auswahl der Auswahl handeln. Um wenigstens eine gewisse \u00dcbersicht in die ausgew\u00e4hlten &#8222;Evergreens&#8220; zu bekommen, versuche ich, 1. die &#8222;Oldies&#8220; &hellip; <a href=\"http:\/\/www.berliner-seiten.de\/ganz-nah\/fotogalerie\/\">Weiterlesen <span class=\"meta-nav\">&rarr;<\/span><\/a><\/p>\n","protected":false},"author":3,"featured_media":0,"parent":0,"menu_order":0,"comment_status":"open","ping_status":"open","template":"","meta":{"footnotes":""},"class_list":["post-53","page","type-page","status-publish","hentry"],"_links":{"self":[{"href":"http:\/\/www.berliner-seiten.de\/ganz-nah\/wp-json\/wp\/v2\/pages\/53","targetHints":{"allow":["GET"]}}],"collection":[{"href":"http:\/\/www.berliner-seiten.de\/ganz-nah\/wp-json\/wp\/v2\/pages"}],"about":[{"href":"http:\/\/www.berliner-seiten.de\/ganz-nah\/wp-json\/wp\/v2\/types\/page"}],"author":[{"embeddable":true,"href":"http:\/\/www.berliner-seiten.de\/ganz-nah\/wp-json\/wp\/v2\/users\/3"}],"replies":[{"embeddable":true,"href":"http:\/\/www.berliner-seiten.de\/ganz-nah\/wp-json\/wp\/v2\/comments?post=53"}],"version-history":[{"count":13,"href":"http:\/\/www.berliner-seiten.de\/ganz-nah\/wp-json\/wp\/v2\/pages\/53\/revisions"}],"predecessor-version":[{"id":2055,"href":"http:\/\/www.berliner-seiten.de\/ganz-nah\/wp-json\/wp\/v2\/pages\/53\/revisions\/2055"}],"wp:attachment":[{"href":"http:\/\/www.berliner-seiten.de\/ganz-nah\/wp-json\/wp\/v2\/media?parent=53"}],"curies":[{"name":"wp","href":"https:\/\/api.w.org\/{rel}","templated":true}]}}