{"id":66,"date":"2011-06-08T22:16:06","date_gmt":"2011-06-08T20:16:06","guid":{"rendered":"http:\/\/www.berliner-seiten.de\/staakener-amseln\/?page_id=66"},"modified":"2011-06-24T21:19:17","modified_gmt":"2011-06-24T19:19:17","slug":"tips","status":"publish","type":"page","link":"http:\/\/www.berliner-seiten.de\/staakener-amseln\/tips\/","title":{"rendered":"Tips"},"content":{"rendered":"<p>ich habe f\u00fcr Herrn Schwenk, der den neuen Blog <a href=\"http:\/\/www.berliner-seiten.de\/ganz-nah\/\" target=\"_blank\"><strong>&#8222;Natur in Bild und Wort&#8220;<\/strong><\/a> hat, eine neue Seite erstellt, wo ich die ganzen Tips zum besseren Verst\u00e4ndnis des Bogs sammel. Da dieser Blog \u00f6ffentlich ist, kannst auch du dort gucken gehen, ob was passendes f\u00fcr dich dabei ist (auch f\u00fcr deinen privaten Blog)<\/p>\n<p>Bisherige Tips:<\/p>\n<ul><\/ul>\n<ul>\n<li><a title=\"deine Seite so einrichten, wie sie dir am besten gef\u00e4llt\" href=\"..\/..\/tips\/deine-seite-so-einrichten-wie-sie-dir-am-besten-gefallt\/\">deine Seite so einrichten, wie sie dir am besten gef\u00e4llt<\/a><\/li>\n<li><a title=\"\u201cSeite\u201d mit \u201cArtikel\u201d beim Erstellen verwechselt\" href=\"..\/..\/tips\/%e2%80%9cseite%e2%80%9d-mit-%e2%80%9cartikel%e2%80%9d-beim-erstellen-verwechselt\/\">\u201cSeite\u201d mit \u201cArtikel\u201d beim Erstellen verwechselt<\/a><\/li>\n<li><a title=\"den angezeigten Benutzernamen \u00e4ndern\" href=\"..\/..\/tips\/den-angezeigten-benutzernamen-andern\/\">den angezeigten Benutzernamen \u00e4ndern<\/a><\/li>\n<li><a title=\"Seiten erstellen und verwalten\" href=\"..\/..\/tips\/seiten-erstellen-und-verwalten\/\">Seiten erstellen und verwalten<\/a><\/li>\n<li><a title=\"Wie kann ich das Datum von Artikeln \u00e4ndern?\" href=\"..\/..\/tips\/wie-kann-ich-das-datum-von-artikeln-andern\/\">Wie kann ich das Datum von Artikeln \u00e4ndern?<\/a><\/li>\n<li><a title=\"Kommentare zulassen \u2013 oder nicht?\" href=\"..\/..\/tips\/kommentare-zulassen-%e2%80%93-oder-nicht\/\">Kommentare zulassen \u2013 oder nicht?<\/a><\/li>\n<li><a title=\"Unterseiten auch auf der \u00fcbergeordneten Seite anzeigen\" href=\"..\/..\/tips\/unterseiten-auch-auf-der-ubergeordneten-seite-anzeigen\/\">Unterseiten auch auf der \u00fcbergeordneten Seite anzeigen<\/a><\/li>\n<li><a title=\"Unterseiten noch mal unterteilen?\" href=\"..\/..\/tips\/unterseiten-noch-mal-unterteilen\/\">Unterseiten noch mal unterteilen?<\/a><\/li>\n<li><a title=\"Bilder einf\u00fcgen ohne viel Speicherplatz einzunehmen\" href=\"..\/..\/tips\/bilder-einfugen-ohne-viel-speicherplatz-einzunehmen\/\">Bilder einf\u00fcgen ohne viel Speicherplatz einzunehmen<\/a><\/li>\n<li><a title=\"Beitr\u00e4ge aus Versehen gel\u00f6scht?\" href=\"..\/..\/tips\/beitrage-aus-versehen-geloscht\/\">Beitr\u00e4ge aus Versehen gel\u00f6scht?<\/a><\/li>\n<li><a title=\"Kommentare (1) \u2013 was bedeutet das?\" href=\"..\/..\/tips\/kommentare-1-%e2%80%93-was-bedeutet-das\/\">Kommentare (1) \u2013 was bedeutet das?<\/a><\/li>\n<li><a title=\"Seitenreihenfolge \u00e4ndern, ohne die Seiten umbenennen zu m\u00fcssen\" href=\"..\/..\/tips\/seitenreihenfolge-andern-ohne-die-seiten-umbenennen-zu-mussen\/\">Seitenreihenfolge \u00e4ndern, ohne die Seiten umbenennen zu m\u00fcssen<\/a><\/li>\n<li><a title=\"wie verlinke ich mit bereits vorhandenen Artikeln oder Seiten?\" href=\"..\/..\/tips\/wie-verlinke-ich-mit-bereits-vorhandenen-artikeln-oder-seiten\/\">wie verlinke ich mit bereits vorhandenen Artikeln oder Seiten?<\/a><\/li>\n<\/ul>\n<ul><\/ul>\n<p>&nbsp;<\/p>\n","protected":false},"excerpt":{"rendered":"<p>ich habe f\u00fcr Herrn Schwenk, der den neuen Blog &#8222;Natur in Bild und Wort&#8220; hat, eine neue Seite erstellt, wo ich die ganzen Tips zum besseren Verst\u00e4ndnis des Bogs sammel. Da dieser Blog \u00f6ffentlich ist, kannst auch du dort gucken &hellip; <a href=\"http:\/\/www.berliner-seiten.de\/staakener-amseln\/tips\/\">Weiterlesen <span class=\"meta-nav\">&rarr;<\/span><\/a><\/p>\n","protected":false},"author":3,"featured_media":0,"parent":0,"menu_order":0,"comment_status":"open","ping_status":"open","template":"","meta":{"footnotes":""},"class_list":["post-66","page","type-page","status-publish","hentry"],"_links":{"self":[{"href":"http:\/\/www.berliner-seiten.de\/staakener-amseln\/wp-json\/wp\/v2\/pages\/66","targetHints":{"allow":["GET"]}}],"collection":[{"href":"http:\/\/www.berliner-seiten.de\/staakener-amseln\/wp-json\/wp\/v2\/pages"}],"about":[{"href":"http:\/\/www.berliner-seiten.de\/staakener-amseln\/wp-json\/wp\/v2\/types\/page"}],"author":[{"embeddable":true,"href":"http:\/\/www.berliner-seiten.de\/staakener-amseln\/wp-json\/wp\/v2\/users\/3"}],"replies":[{"embeddable":true,"href":"http:\/\/www.berliner-seiten.de\/staakener-amseln\/wp-json\/wp\/v2\/comments?post=66"}],"version-history":[{"count":7,"href":"http:\/\/www.berliner-seiten.de\/staakener-amseln\/wp-json\/wp\/v2\/pages\/66\/revisions"}],"predecessor-version":[{"id":96,"href":"http:\/\/www.berliner-seiten.de\/staakener-amseln\/wp-json\/wp\/v2\/pages\/66\/revisions\/96"}],"wp:attachment":[{"href":"http:\/\/www.berliner-seiten.de\/staakener-amseln\/wp-json\/wp\/v2\/media?parent=66"}],"curies":[{"name":"wp","href":"https:\/\/api.w.org\/{rel}","templated":true}]}}